 is 346 + 3?
349
In base 15, what is -537 - 15?
-54c
In base 6, what is 2 - -3031?
3033
In base 5, what is -134423 + 10?
-134413
In base 13, what is b59 - 1?
b58
In base 12, what is -138 - -4?
-134
In base 3, what is 2110 + -222?
1111
In base 4, what is 102333 + -3?
102330
In base 15, what is -14 + -4?
-18
In base 9, what is 36275 - -4?
36280
In base 13, what is -16c21 + -4?
-16c25
In base 14, what is a + 34?
40
In base 6, what is -142 - -4?
-134
In base 12, what is 8 + -22?
-16
In base 14, what is 5 - d1?
-ca
In base 6, what is 14114 + 4?
14122
In base 9, what is 12243 - 2?
12241
In base 14, what is 94 - 5?
8d
In base 15, what is -161 + -4?
-165
In base 14, what is -41b - 2?
-41d
In base 7, what is 11416 - -14?
11433
In base 15, what is 2a + 1?
2b
In base 10, what is 44 - 93?
-49
In base 5, what is 42420 + 4?
42424
In base 11, what is -2 - -552?
550
In base 6, what is 4 + 50?
54
In base 11, what is -1 + -35?
-36
In base 6, what is -1242 - -15?
-1223
In base 8, what is 16 + -1?
15
In base 11, what is 0 - -952?
952
In base 16, what is 2 - 28?
-26
In base 16, what is 3 + 1c?
1f
In base 11, what is -578 - 1?
-579
In base 14, what is 8 + 484?
48c
In base 8, what is -4051 + 2?
-4047
In base 15, what is -1999 - 3?
-199c
In base 7, what is 60 + 3?
63
In base 11, what is -388 + -1?
-389
In base 5, what is 110 - -43?
203
In base 14, what is -7c + 1a?
-62
In base 10, what is -5 - 11?
-16
In base 6, what is -524 + 4?
-520
In base 6, what is 1511 + -1?
1510
In base 10, what is 1 - 136?
-135
In base 8, what is 32 + 5?
37
In base 11, what is -156a + 2?
-1568
In base 15, what is -3 + 37?
34
In base 15, what is 9 - 135?
-12b
In base 13, what is -47 + 0?
-47
In base 14, what is 2 + 2b?
2d
In base 8, what is 5 + 201?
206
In base 15, what is -137 - 4?
-13b
In base 2, what is 100 - 1010000?
-1001100
In base 15, what is -c + -684?
-691
In base 5, what is -10 + 4141?
4131
In base 12, what is 1 - -1?
2
In base 7, what is -10552 - 1?
-10553
In base 15, what is -5 + -c?
-12
In base 4, what is -11 + -2000?
-2011
In base 2, what is -1000000 + -10001100?
-11001100
In base 3, what is 11112 - 12?
11100
In base 15, what is -775 + 1?
-774
In base 11, what is -255 - -2?
-253
In base 6, what is 1 - 2430?
-2425
In base 13, what is -14ab - 3?
-14b1
In base 14, what is 24 + -13?
11
In base 15, what is -5 - -20b?
206
In base 11, what is 24 - -49?
72
In base 7, what is -251 - -3?
-245
In base 5, what is -1034 - 3?
-1042
In base 7, what is -600 + 33?
-534
In base 4, what is -20 - -221?
201
In base 8, what is -776 - 0?
-776
In base 6, what is 0 + -13?
-13
In base 16, what is -1 + -7f?
-80
In base 16, what is 1e + 8?
26
In base 6, what is 5 + -41?
-32
In base 14, what is -5 - 1326?
-132b
In base 10, what is 10 - -69?
79
In base 14, what is 5 + 5?
a
In base 2, what is -1011 + 100100?
11001
In base 11, what is -5 + -89?
-93
In base 3, what is -10002 + -10?
-10012
In base 3, what is -220 - -222?
2
In base 8, what is 267 - -4?
273
In base 13, what is 1 - -198?
199
In base 11, what is a7 - -45?
141
In base 9, what is 5 + -2518?
-2513
In base 8, what is -5 + -13?
-20
In base 9, what is 17 + 584?
612
In base 15, what is -9 + -7?
-11
In base 10, what is -45 - 19?
-64
In base 16, what is -6 - 2f9?
-2ff
In base 9, what is -3 - 12167?
-12171
In base 3, what is -12 + -10002?
-10021
In base 8, what is -44 - -123?
57
In base 11, what is 3 - 95?
-92
In base 4, what is -2323 + 33?
-2230
In base 11, what is 1705 + -2?
1703
In base 7, what is -61 - 0?
-61
In base 15, what is 2d4 - 1?
2d3
In base 3, what is -20 - -20002021?
20002001
In base 15, what is -89 - 5?
-8e
In base 6, what is 2245 - 0?
2245
In base 16, what is -40 + 19?
-27
In base 7, what is 145 - 103?
42
In base 15, what is -1c9 + 1c?
-1ac
In base 4, what is -112 + -32?
-210
In base 3, what is 12 - 11001012?
-11001000
In base 10, what is -3 - 25?
-28
In base 10, what is -575 + 7?
-568
In base 4, what is 130 - 120?
10
In base 9, what is 51 - 11?
40
In base 16, what is 2 + 22?
24
In base 5, what is -4 - 213?
-222
In base 2, what is 1001 - -10?
1011
In base 4, what is -10101 - -3?
-10032
In base 10, what is -705 - 5?
-710
In base 15, what is 69 - 1?
68
In base 11, what is 381 + -14?
368
In base 15, what is -15 - -d?
-7
In base 13, what is 32 - -12?
44
In base 8, what is -5 + 374?
367
In base 2, what is -11101001 + 10?
-11100111
In base 16, what is b - 4bc?
-4b1
In base 8, what is 370 - -16?
406
In base 6, what is -105 + -30?
-135
In base 10, what is 3 - 49?
-46
In base 11, what is -a7 + 3?
-a4
In base 14, what is 5 - 18d?
-188
In base 15, what is -156 - 2?
-158
In base 2, what is 101 - 110111?
-110010
In base 16, what is -3c6 + -1?
-3c7
In base 14, what is -5 - a?
-11
In base 16, what is 6 - -2ba?
2c0
In base 11, what is 2 + 109?
110
In base 7, what is -3 + 232?
226
In base 9, what is 21 + 0?
21
In base 16, what is 6a + 1?
6b
In base 2, what is 11111111 - 101?
11111010
In base 14, what is 95 + -1?
94
In base 5, what is 1 - -33?
34
In base 12, what is 71 + -21a?
-169
In base 3, what is 12 + -1122012?
-1122000
In base 13, what is 4 - 23?
-1c
In base 12, what is -113 + -7?
-11a
In base 3, what is 220111 - -2?
220120
In base 2, what is 10000000110110 - 0?
10000000110110
In base 10, what is 68 + 2?
70
In base 8, what is 4 - -172?
176
In base 11, what is a839 - 0?
a839
In base 15, what is 3 + 7b?
7e
In base 16, what is 4 - -9c1?
9c5
In base 11, what is -1 + -190?
-191
In base 4, what is -2 - -123?
121
In base 15, what is -4a - 70?
-ba
In base 15, what is 6 + -9a?
-94
In base 15, what is 38 + 4?
3c
In base 14, what is 1 + 4?
5
In base 5, what is -13 + -11?
-24
In base 10, what is 2 + 544?
546
In base 8, what is 1 - -226?
227
In base 13, what is 1b + -5?
16
In base 7, what is 0 + 61?
61
In base 7, what is 2 + 4?
6
In base 6, what is 315 + -10?
305
In base 8, what is -666 - -12?
-654
In base 11, what is 7 + 0?
7
In base 10, what is 539 + -2?
537
In base 14, what is -5 - -d0?
c9
In base 10, what is -1179 + -5?
-1184
In base 2, what is 10000111000000 - 0?
10000111000000
In base 11, what is -1 - 3a1?
-3a2
In base 6, what is -3 - -44?
41
In base 9, what is 7 + 31?
38
In base 7, what is 21221 - 4?
21214
In base 3, what is -20120 + 220?
-12200
In base 5, what is -1 + 232?
231
In base 4, what is 2 + 311?
313
In base 11, what is -14 - 77?
-90
In base 11, what is -16 + -121?
-137
In base 15, what is 157 + 3?
15a
In base 9, what is -12 + 358?
346
In base 8, what is -4 + 43?
37
In base 12, what is -1 - -1b?
1a
In base 6, what is 2 + -10554?
-10552
In base 7, what is -2 - 166?
-201
In base 13, what is -3 + 3705?
3702
In base 2, what is 100 + -101110?
-101010
In base 3, what is 201 + 21?
222
In base 15, what is 27 - -b?
33
In base 5, what is 440 - 0?
440
In base 15, what is -3c + -c?
-49
In base 15, what is -b0 + 4?
-ab
In base 2, what is 1000101111 + 1011?
1000111010
In base 9, what is -70 + 77?
7
In base 15, what is 0 - 89?
-89
In base 11, what is -5 - -668?
663
In base 6, what is -1205 + 1?
-1204
In base 14, what is -2 + -5?
-7
In base 8, what is 10325 - 5?
10320
In base 9, what is 0 - -83?
83
In base 12, what is -4 - -110?
108
In base 12, what is -42 - 25?
-67
In base 2, what is -1110010 + -101100?
-10011110
In base 6, what is -15 + 100?
41
In base 14, what is 48 + 36?
80
In base 8, what is 37 - -10?
47
In base 8, what is -7041 - -3?
-7036
In base 2, what is 10 + -100000?
-11110
In base 11, what is 8 - 13?
-6
In base 5, what is 10 + 144?
204
In base 15, what is 4b + 6?
52
In base 12, what is a2 - -10?
b2
In base 10, what is 4 - 2402?
-2398
In base 3, what is 1101100 - 10?
1101020
In base 11, what is 6 - -36?
41
In base 2, what is -111100 + -1010?
-1000110
In base 4, what is 32 - 0?
32
In base 4, what is 13203 + 2?
13211
In base 7, what is 20616 + -1?
20615
In base 12, what is 14 - 55?
-41
In base 12, what is -2 + -29?
-2b
In base 7, what is 5 - -540?
545
In base 8, what is -7545 + -1?
-7546
In base 13, what is -3 - 4?
-7
In base 7, what is 65 - -20?
115
In base 7, what is 10 - -113?
123
In base 10, what is -62 + 4?
-58
In base 6, what is 2 - 220?
-214
In base 8, what is -370 - -1?
-367
In base 16, what is 5 + -1024?
-101f
In base 8, what is -4 + 5226?
5222
In base 12, what is -1b - -83?
64
In base 10, what is -4 - 19?
-23
In base 2, what is -11 + 10101?
10010